posite?
False
Let b(f) = f**3 - 14*f**2 + 13*f. Let s be b(13). Let h(y) = -y**2 + y - 5. Let o be h(s). Let q(p) = -p**3 - 3*p**2 + 3*p - 2. Is q(o) a prime number?
False
Let f(w) = -2*w**3 - 9*w**2 + 9*w + 8. Is f(-10) a composite number?
True
Let y be (-6 - -1) + 1 + -2. Let x(s) = s**2 - 4*s**3 + 7*s + 5*s**3 - 7 - s**3 - s**3. Is x(y) a composite number?
True
Suppose 0 = 4*s + s - 25, 4*x - 5*s - 795 = 0. Is x a prime number?
False
Suppose -3 = 5*k - 2*k. Let g(z) = 16*z**3 + 2*z**2 - z + 3. Let y(f) = -47*f**3 - 5*f**2 + 3*f - 8. Let r(b) = 8*g(b) + 3*y(b). Is r(k) a composite number?
False
Let w be 0/(1 - 1 - -2). Let h = 5 - w. Suppose -8*d + 99 = -h*d. Is d a prime number?
False
Let f = 43 - 70. Let n = 12 - f. Is n composite?
True
Let m(a) = -278*a + 3. Is m(-5) a composite number?
True
Suppose -308*a - 1151 = -309*a. Is a a prime number?
True
Let v = -1287 + 1964. Is v composite?
False
Let z = 3 - 1. Let a = z + 13. Suppose s - g - 15 = -4*s, -a = -5*s + 5*g. Is s prime?
True
Let c = -90 - -150. Let w = 17 + c. Is w a prime number?
False
Let i be -1 + (0 + -3)/(-3). Suppose -1 = -l, 7*h - 4*h - 4*l - 296 = i. Suppose 3*s - h = -4*p + 117, 0 = -2*s + 3*p + 122. Is s a composite number?
False
Suppose 2*h + 2*l = -228 + 1066, 4*h - 4*l = 1644. Is h a composite number?
True
Let k = -6 + 9. Is 3/2*106/k a prime number?
True
Is -1 + 4 - -1174*1 a prime number?
False
Suppose 3*u = -4*i + 834 - 82, u = i - 181. Is i prime?
False
Let b(o) = o**3 - 5*o**2 + 3*o - 2. Let g be b(4). Let i = -12 - g. Is ((-15)/i + -3)*-38 prime?
True
Let u(w) = w**3 + 3*w**2 - 5*w + 1. Let j be u(-4). Suppose 25 = -j*m, -7*m = -3*r - 6*m + 128. Let o = 30 + r. Is o a composite number?
False
Let g(m) = -3*m + 3. Let k(i) = -7*i + 6. Let u(y) = 5*g(y) - 2*k(y). Let z be u(0). Suppose -z*a + 5*n = -98, 0 = -2*a + 5*n + 9 + 58. Is a a prime number?
True
Let w = 58 - 16. Suppose -y + 3*y - w = 0. Is y prime?
False
Suppose -2*g = -4*o - o + 20, 5*o - 20 = -4*g. Let b = o + 3. Is b prime?
True
Let k(l) = -46*l - 5. Is k(-9) a composite number?
False
Suppose -4*v - v = -15. Let p(y) = 9*y - 4. Is p(v) prime?
True
Let s(w) = 20*w**2 - 2*w + 1. Let y be s(-3). Suppose 5*i = 582 - y. Is i composite?
False
Let m = 38 - -36. Is m composite?
True
Let c be (1 - -3 - 2) + -4. Is 1 - (3 + 786/c) a composite number?
True
Suppose -32 = 4*p - 0. Let g(f) = 11*f + 2. Let j be g(-1). Is (-691)/j - p/36 a prime number?
False
Let w(f) = 12*f + 2. Let c be w(-3). Suppose 3*r - 347 = -2*j, -r + 7 = 5*j - 126. Let p = c + r. Is p a composite number?
False
Let f = -821 + 1442. Let r = 874 - f. Is r prime?
False
Let v = -2594 + 3927. Is v prime?
False
Let u = 2 + -1. Let q(j) = 23*j**3 - 1. Is q(u) a prime number?
False
Suppose 5*d + 2*t = -16, 3*d - d - 2 = -5*t. Let n be (0 + (-118)/d)*2. Suppose -n = -0*r - r. Is r a prime number?
True
Let r = -2 + 3. Let m be (0/1)/(0 + r). Suppose -2*k + 44 + 0 = m. Is k prime?
False
Let k(l) = -l**3 - l**2 + 1. Let q be k(-2). Suppose 0 = q*w + 1 - 6. Is 57/w - (-2 + 2) prime?
False
Suppose -3 = g - 2*g, 5*g = -2*n + 7. Let a(v) = -30*v - 3. Let h be a(n). Let m = 186 - h. Is m a composite number?
True
Let l = -15 - -48. Suppose -4*o = -l - 23. Is o composite?
True
Is (26/8)/((-13)/(-572)) a composite number?
True
Let s = 14 - 12. Suppose f - 425 = -2*g, -407 = -2*g + 7*f - s*f. Is g prime?
True
Suppose 0 = -5*j + 5*d - 5, -d - 3 = -2*j - 0. Let p be 35/15 - j/(-6). Suppose 95 = -p*a + 8*a. Is a prime?
True
Let z(d) = -2*d**3 - 4*d**2 + 6*d + 1. Is z(-5) composite?
True
Let v be 2 + -3 - 3/(-1). Suppose -5*s - 25 = 0, -3*r + 8 = -3*s - 13. Is 265/v + r/4 prime?
False
Let t = 510 + -331. Is t a composite number?
False
Suppose 3*g + 0*g - 4*u = 5, -3*g - 5*u = -14. Suppose 0 = g*a - 2*a - 77. Is a a prime number?
False
Suppose 0 = t - 2*g - 485, 2*g - 2437 = t - 6*t. Is t a prime number?
True
Let r be 101*(2 - 4)/(-2). Suppose 4*m = k + 64, 4*k + 176 = m - 5*m. Let s = k + r. Is s a composite number?
False
Let a(z) = -z + 7. Let i be a(7). Suppose p = -i - 2, -2*c + 142 = p. Is 2/(-11) - c/(-33) a prime number?
True
Suppose -8*j - 264 = -1552. Is j prime?
False
Suppose 0 = -3*r - 5*a + 66 - 20, 4*r + 5*a - 58 = 0. Suppose -2*x + 38 = 2*i, 21 + r = 2*x + i. Is x composite?
True
Suppose -k = -f - 36 - 38, 0 = -5*k - f + 346. Is (-3 - 0/2) + k a prime number?
True
Let u(k) = 13*k**2 + 23*k - 55. Is u(-19) composite?
False
Let s = 103 + -94. Let u(k) = 2*k + 3. Let t be u(3). Is 1 + -3 + s*t composite?
False
Let b(j) = 261*j**2 + 2*j. Is b(1) composite?
False
Suppose 3*m - 18 = -3*y, 4*m = -2*y - 3 + 27. Let g be 0 - (1/(-1))/1. Is 44*g + (9 - m) composite?
False
Let g be (-3 - -1)*(1 - 3). Suppose a - 12 = g*a. Let o(x) = -x**2 - 4*x + 2. Is o(a) composite?
False
Suppose u = 2*u - 21. Let i be 30/7 - 6/u. Suppose -330 = -i*z + 10. Is z a prime number?
False
Let i = -591 - -2126. Is i prime?
False
Let a = -303 - -461. Is a composite?
True
Let c = -384 + 1494. Let f = 1819 - c. Is f a composite number?
False
Let q(z) = -z**2 - 10*z - 11. Let g be q(-9). Let a be (-1)/2*(1 + 1). Is a/g - (-210)/4 a prime number?
True
Let v(u) be the third derivative of -19*u**4/24 + 2*u**2. Let q(t) = 2*t + 7. Let w be q(-7). Is v(w) prime?
False
Let r be (-8553)/(-21) - (-4)/(-14). Is (-2)/(-5)*5 + r a composite number?
False
Suppose -g = -0*g - 2. Suppose -w = 5*k + 73, -g*k = 3*w - 35 + 228. Is 2/(w/(-57) - 1) prime?
True
Let u be ((-372)/(-18))/(2/6). Let s = -36 + u. Is s a prime number?
False
Let l = 42 + -27. Let b = 52 - l. Is b composite?
False
Let r(j) = 7*j**2 + 11*j + 17. Is r(9) prime?
True
Is (2382/(-18)*1)/((-2)/6) composite?
False
Is 935 + 4 - (1 + 1) a prime number?
True
Let l = -157 + 477. Suppose 0 = -x + 79 + l. Suppose 5*t - 316 = x. Is t prime?
False
Let s(u) = 705*u**2 - 7*u - 1. Is s(-2) composite?
False
Suppose 3*c + 0*j = -3*j + 6501, 8 = -2*j. Is c a composite number?
True
Suppose j - 332 = -3*j. Is j a prime number?
True
Let c(w) = 13*w - 6. Let g(r) = 5*r**3 - 2*r**2 + r. Let t(k) = -k**3 + 5*k**2 + 7*k - 5. Let s be t(6). Let p be g(s). Is c(p) prime?
False
Suppose l + 306 = -493. Is l/(-9) - (-10)/45 prime?
True
Let c(i) = -18*i + 11. Is c(-10) composite?
False
Let i = -135 + 298. Is i composite?
False
Let i(k) = -k**2 - 10*k - 4. Let j be i(-10). Let c = j + 41. Is c composite?
False
Let d(q) = 80*q**2 - 1. Is d(-1) composite?
False
Suppose -2*j = -3*k - 268 - 573, -3*j = 4*k + 1093. Let f = 602 + k. Suppose 2*l - 7*l + f = 0. Is l composite?
True
Suppose 0 = -2*x - i + 11, -i = 3*x - 0*i - 19. Let h(d) = 24*d - 9. Is h(x) a composite number?
True
Let d(i) = -i - 2. Let f be d(-4). Let q(n) = 32*n**2 - 4*n + 3. Let a be q(f). Let j = a - 86. Is j a composite number?
False
Let m be 11/(-2) + (-2)/4. Let q = -3 - m. Suppose -q*f + l + 23 = 0, 2*f = 6*f - 4*l - 44. Is f a prime number?
False
Let g(j) = -j**3 + 3*j**2 - 3*j + 4. Is g(-3) prime?
True
Let r(z) = z**3 - 7*z**2 + 5*z + 8. Let k be r(6). Suppose -k*y = 3*y. Is -52*(y + (-3)/6) prime?
False
Let o(u) = -4*u + 377. Is o(0) composite?
True
Suppose -4*r = 210 + 10. Let o be (-63)/(-6)*(-120)/14. Let t = r - o. Is t prime?
False
Let u(h) = -3*h**3 - 4*h**2 - 4*h - 2. Is u(-2) a composite number?
True
Let k(v) be the second derivative of 0 + 0*v**2 + 3*v - 149/6*v**3. Is k(-1) a composite number?
False
Let l(o) = 4*o + 3. Let q(k) = k**2 + 7. Suppose 3*f + 4*y + 0 = 4, -f + 5*y = 5. Let j be q(f). Is l(j) a composite number?
False
Let m be 3 + 3 + -9 + 3. Suppose 3*z - o - 259 = 0, 4*z + 4*o - 474 + 150 = m. Is z a prime number?
False
Suppose 4*k = 12, 3*n = 4*n + 4*k - 4547. Is n prime?
False
Suppose 4*v + 3 = -5. Let n be v/(1 + (-21)/18). Let u = -5 + n. Is u composite?
False
Let s be ((-8)/3)/((-7)/21). Suppose 4*o = -o + d + s, 2*o + 6 = 5*d. Suppose 665 = o*i + 3*i. Is i a composite number?
True
Is (7/21)/((-2)/(-3522)) composite?
False
Suppose 3*k = -i + 53, -k = i - 12 - 3. Is k a prime number?
True
Let f = -6 - -3. Is f/(2 - (-285)/(-138)) prime?
False
Let t(k) = -4*k + 79*k**2 + 3*k + 3 - 2. Let d = -17 + 18. Is t(d) a prime number?
True
Let f(s) = -16*s**3 - 3*s**2 - 5*s - 7. Is f(-3) composite?
True
Let x(w) = 6*w**2 + 2*w - 1. Let h(j) = -j**2 - j + 1. Let k(a) = -3*h(a) - x(